4 + 5/6*d**3 + 4*d**2 + 7/60*d**5 + 1/120*d**6. Give c(-6).
-1
Let s = 1 - -2. Let o(t) be the first derivative of -6*t**2 + s*t**2 + 3 + 4*t**2 + 0*t**2 + 2*t. Give o(3).
8
Let u(r) = -5*r**2 - 2 - 1 + 4. Determine u(1).
-4
Let q(a) = -a**2 - 3*a - 1. Let m(u) be the first derivative of u**2/2 - 2*u - 1. Let y be m(0). Determine q(y).
1
Let n = -5 + 8. Suppose 0 = -q + n - 1. Let w(c) = 2*c**3 - 2*c**2 + c + 2. Determine w(q).
12
Let k(n) = -n - 3 - 3 + 1 + 0*n. Calculate k(-5).
0
Let i(h) be the second derivative of -h**4/12 + 39*h. What is i(3)?
-9
Let t(d) = d**3 - 6*d**2 + d - 1. Let s(o) = o**2 - 6*o - 1. Let z be s(7). Calculate t(z).
5
Let o = -7 + 9. Let i(n) = n**3 + 1 + 26*n**2 - 24*n**o - n + n. Give i(-2).
1
Let b(r) = -r**2 + 6*r - 4. Let c(x) = x**3 - 8*x**2 + 2*x - 12. Let g be c(8). Calculate b(g).
4
Let j = -1 - 2. Let k = 9 + -7. Let r(d) = k*d**2 + 2 - 2*d - 4*d + d**3 + 4*d. Calculate r(j).
-1
Let a(y) = -y**2 - 1. Let l(b) = 7*b**2 - 2*b + 1. Let t(s) = 6*a(s) + l(s). Let x be t(4). Let f(d) = -d**3 + 4*d**2 - d - 4. Determine f(x).
2
Let a(c) = 6*c**3 + 5*c**2 - c - 1. Let j(t) = 6*t**3 + 6*t**2 - t - 1. Let q(x) = 5*a(x) - 4*j(x). What is q(-1)?
-5
Let t be (-64)/(-24) + 2/6. Let f be t*(3 + (-39)/9). Let s(a) = a**2 + 4*a - 4. What is s(f)?
-4
Suppose -2 = 5*q - 22. Let a(h) = -h + 1. Give a(q).
-3
Let a(y) = -22 + 22 + y**2 + 10*y**3. Determine a(-1).
-9
Let k(u) = -u**3 + 3*u**2 + 7*u - 1. Suppose 3*r - 5 = 2*r. What is k(r)?
-16
Let t(q) be the second derivative of q**3/6 - 30*q. Calculate t(-2).
-2
Let d be (-54)/(-24) + 6/8. Suppose -38 = 5*k - d. Let s(y) = y + 9. What is s(k)?
2
Let c(y) be the second derivative of -y**4/12 + y**3/3 + 3*y. Calculate c(4).
-8
Let g(s) = -s**3 + 3*s**2 + 4*s. Let c(y) = -y**2 - 4*y - 1. Let n be c(-2). Determine g(n).
12
Let w(g) = 8*g**2 + 1. Let m be (3 - 2)*(-2 + 2). Suppose m = -4*v - 0*v - 12. Let t = -4 - v. Calculate w(t).
9
Let q(r) = -r**2 + 10*r + 15. Let h be q(11). Let g(u) = -u + 3. Determine g(h).
-1
Let q(c) = -c**2 + 9*c - 13. Let t be q(6). Let l(v) = v**3 - 6*v**2 + 6*v - 6. Give l(t).
-1
Let i(s) be the first derivative of 2*s**3/3 - 5*s**2/2 + 2*s - 8. Suppose 0*v = -2*o - 3*v + 6, -2*o + 6 = v. Calculate i(o).
5
Let h(r) be the first derivative of 3*r**2/2 + 6*r + 3. Give h(-4).
-6
Suppose -5 + 1 = -2*h. Let m(n) = -33*n**h + 3*n - n**3 - 1 + 36*n**2 + 2*n. Give m(4).
3
Let b = -12 + 14. Let w(a) = -a**2 - 1. Determine w(b).
-5
Let x be 171/12 - (-3)/(-12). Suppose x = -4*p + 2. Let w(b) = 3*b - 4. What is w(p)?
-13
Let z(d) = d**2 + 6*d + 2. Let c(b) be the first derivative of -b**3/3 - b**2/2 - b + 1. Let p(y) = -4*c(y) - z(y). Give p(2).
10
Suppose 4*m = -0 - 12. Let z(s) = -7*s - 3. Let i(g) = -8*g - 4. Let k(v) = -4*i(v) + 5*z(v). Give k(m).
10
Let d(t) = 3*t - 2. Let o = -20 + 32. Let g(z) = z - 17. Let n be g(o). Calculate d(n).
-17
Let p(d) = -9*d**2 + 8*d - 11. Let q(i) = -4*i**2 + 4*i - 5. Let r(y) = 2*p(y) - 5*q(y). Calculate r(3).
9
Let s(h) = 4*h + 1. Let y be s(1). Let l(q) = 2*q + 9. Let f(u) = 3*u + 18. Let p(x) = -3*f(x) + 5*l(x). What is p(y)?
-4
Let y(j) = -6*j + 2 - j**2 - 1 + 3. Let f be 5/(-2)*(-76)/(-38). Calculate y(f).
9
Let a(h) = -7*h**2 - 2*h + 2. Suppose 4*u - 7 - 1 = 5*n, -4*n + 2 = u. Let q(v) = -3*v**2 - v + 1. Let p(r) = u*a(r) - 5*q(r). What is p(2)?
5
Let w(z) be the second derivative of z**5/20 - 2*z**4/3 - z**3/3 + 5*z**2 + 24*z. What is w(8)?
-6
Let i(s) = -4*s**2 - 9*s - 5. Let r(b) = b**2 + b + 1. Let z(k) = -i(k) - 3*r(k). Calculate z(-4).
-6
Let a(c) = c**3 - 7*c**2 - 7. Suppose 17 = 4*i - 2*l - 17, -2*i = -5*l - 29. Give a(i).
-7
Let f(w) = -w - 5. Let q = -26 + 22. Give f(q).
-1
Let p(a) = -1 + 4*a + a**2 + 0*a + a. Give p(-5).
-1
Let r(t) be the second derivative of -t**7/2520 - t**6/90 - t**5/15 + t**4/3 + 4*t. Let p(c) be the third derivative of r(c). What is p(-6)?
4
Let q(d) = -3*d**2 - d - 1. Suppose 0 = 5*p + p + 12. What is q(p)?
-11
Suppose 0 = c + 3 - 1. Let h(x) = 4*x + 3. Let z be h(c). Let l(n) = 3 - 3 - 3 - n**2 - 4*n. Calculate l(z).
-8
Let s(a) = a**2 - 3*a - 5. Let p be s(4). Let f = -2 - p. Let r(q) = 7*q. Give r(f).
-7
Suppose -y = 2*x - 35, -4*y + 5*x + 138 = 37. Suppose 5*o = 4*n + y, -n - 3 + 2 = 5*o. Let m(k) = -k - 1. Calculate m(n).
5
Let f(j) = j + 15. Let h be 8/(-12) - 56/6. Determine f(h).
5
Let d(z) = -7*z - 7*z**2 + 4*z + 4*z. Let t be (-3)/(-1) - 1 - 1. What is d(t)?
-6
Let s(g) = -g**3 - 3*g**2 + 2*g - 2. Let z(l) be the third derivative of -l**4/24 + l**3/6 + 3*l**2. Let c be z(5). Calculate s(c).
6
Let d(s) be the first derivative of s**4/4 - 7*s**3/3 + 7*s**2/2 + 8*s - 8. What is d(6)?
14
Let x(n) be the first derivative of n**4/4 + 4*n**3/3 - 3*n**2/2 - n + 38. Determine x(-4).
11
Let o(h) be the first derivative of -h**4/4 + 5*h**3/3 - 3*h**2/2 + 2*h - 2. Determine o(3).
11
Let w(z) = -13*z**2 - z - 1. Let k be 1 - 12/4 - -1. Give w(k).
-13
Let l(m) = 2*m**3 + 2*m**2 - 2*m - 28. Let f(j) = j**3 + j**2 - j - 14. Let o(h) = 5*f(h) - 2*l(h). What is o(0)?
-14
Let v(m) = m**3 + 6*m**2 - 2*m - 3. Let j = 30 + -29. Suppose d + 27 = 5*z - 7, 2*d = z - 5. Let r = j - z. Give v(r).
9
Let u(g) = -9*g + 1. Let k(v) = -5*v. Let z = 2 + -13. Let w(y) = z*k(y) + 6*u(y). Let x be (-2)/(-3) + 40/(-6). What is w(x)?
0
Let b(j) = 6*j**3 + 2*j**2 + 8*j + 9. Let s(t) = 7*t**3 + t**2 + 9*t + 9. Let z(d) = 6*b(d) - 5*s(d). Determine z(-7).
-12
Let y(r) = r**3 - 9*r**2 - 10*r - 6. Let q be y(10). Let i be 0 + (q - (-3 - -2)). Let d(v) = -v**2 - 8*v - 6. Give d(i).
9
Let j(x) = x**2 + 2*x - 1. Let s = -2 - 1. Let u be 1/3 - 2/s. Suppose -4*c = 2*f + 10, -4*f + 3*f + u = -4*c. Calculate j(f).
2
Let x(h) = -h**2 - h + 3. Suppose 5*i + 3*f = 30, 3*i - 2*f + 16 = 3*f. What is x(i)?
-9
Let i(p) = p - 2. Let m be (-4)/(-3)*3/2. Let u be i(m). Suppose 1 = v - u*v. Let w(g) = -5*g**2 - g. What is w(v)?
-6
Suppose 5*q + 5*j = 0, q - j + 6 = 4*q. Let a be (-5)/15*q*-5. Let h(l) = -l**3 + 4*l**2 + 5*l + 4. Give h(a).
4
Let a = 4 - 9. Let t(r) be the third derivative of -1/60*r**5 + 0 - 1/6*r**4 + 0*r + 10*r**2 + 7/6*r**3. Calculate t(a).
2
Let w(x) = -x**3 + 5*x**2 - 4*x + 1. Let o be (1/(-3))/((-5)/60). Calculate w(o).
1
Let l be (12/15)/(-1 + (-6)/(-10)). Let u be (3/1)/6*2. Let m(h) = -3*h + u - 5 + 3. What is m(l)?
5
Let r(x) = x**3 + x**2 + 1. Let b(l) = 6*l**3 + 18*l**2 + 12*l + 8. Let o(g) = b(g) - 5*r(g). What is o(-12)?
3
Let t(w) = w - 4. Let a(f) be the second derivative of f**5/20 + f**4/2 - 4*f**3/3 - 7*f**2/2 + f. Let i be a(-7). Calculate t(i).
-4
Suppose -5*u + h = 32, -4*h = -3*u - 0*u - 26. Let q(k) = -5658*k + 7 + 5652*k - 2*k**2 - 5*k**2 - k**3. Determine q(u).
7
Let d(n) = -10 + 68*n - 77*n + 3*n**2 - 2*n**2. Determine d(9).
-10
Let n(v) = -v**2 - v - 7. Suppose -3*b = -b - 5*b. What is n(b)?
-7
Let y = -6 - -17. Suppose 4*h + i = h - 5, 5*h + i + y = 0. Let f(l) = -8 - l**2 + 10 - 3 - l. Give f(h).
-7
Let i(y) = 0*y**2 + y**2 - 26*y - 2 + 28*y. Let j(z) = 3*z + 1. Let g be j(-1). What is i(g)?
-2
Let u(c) = 2*c**2 + 3 - 3 - 1 + 5*c**3 - 10*c**3. Let v be -1*2 + 3/3. Give u(v).
6
Let p be 1*3*(1 + -2). Let g(a) be the third derivative of -a**5/40 - a**4/6 - 13*a**3/6 + 12*a**2. Let m(z) be the first derivative of g(z). Give m(p).
5
Let r(l) = -2*l**3 - 7*l**2 - l + 2. Let a(j) = 5*j**3 + 20*j**2 + 4*j - 6. Let k(d) = -3*a(d) - 8*r(d). What is k(5)?
7
Let c = 2 - 0. Let m(w) be the third derivative of -w**7/5040 - w**6/720 + w**5/30 - 4*w**2. Let b(i) be the third derivative of m(i). Determine b(c).
-3
Let l(o) = -247 + 245 - 3*o + 4*o. Determine l(3).
1
Suppose 0*c - c + 4*s = -6, 48 = 5*c - 2*s. Let u(j) = -j**2 + 11*j - 6. Give u(c).
4
Suppose u + 14 = 3*g - u, -2*g - 5*u = 16. Let l = g - 6. Let r(i) = -5 - 4*i - 1 - i + 6*i**2 - 7*i**2. Determine r(l).
-2
Let k(b) = -6 + 7 + 5 - 4 + 3*b. Give k(-5).
-13
Let d = 11 - -1. Let a be d/3*-1 - -2. Let u(y) = -y**3 + y + y**2 - y**2 + 1. Determine u(a).
7
Let b(m) be the first derivative of -m**5/60 + 7*m**4/24 + 7*m**3/3 - 7. Let v(r) be the third derivative of b(r). What is v(5)?
-3
Let y = -65 - -68. Let v(j) be the second derivative of -5/12*j**4 - 1/20*j**5 + 5/2*j**2 - 1/3*j**y + 0 + 4*j. Give v(-4).
-3
Let h(f) = -1 + 2 + 0*f**3 - 5*f